{"id":13944,"date":"2024-09-14T16:50:53","date_gmt":"2024-09-14T16:50:53","guid":{"rendered":"https:\/\/tanuko.lt\/?post_type=product&#038;p=13944"},"modified":"2026-04-09T07:37:14","modified_gmt":"2026-04-09T07:37:14","slug":"drekinamas-losjonas-kudikiams-pigeon-moisture-plus-300ml","status":"publish","type":"product","link":"https:\/\/tanuko.lt\/ukr\/product\/drekinamas-losjonas-kudikiams-pigeon-moisture-plus-300ml\/","title":{"rendered":"\u0417\u0432\u043e\u043b\u043e\u0436\u0443\u044e\u0447\u0438\u0439 \u043b\u043e\u0441\u044c\u0439\u043e\u043d Pigeon Moisture Plus \u0434\u043b\u044f \u043d\u0435\u043c\u043e\u0432\u043b\u044f\u0442, 300 \u043c\u043b"},"content":{"rendered":"<h4>\u0414\u0435\u0442\u0430\u043b\u044c\u043d\u0438\u0439 \u043e\u043f\u0438\u0441:<\/h4>\n<p>Dr\u0117kinamas losjonas k\u016bdikiams &#8222;Pigeon Moisture Plus&#8221;, yra itin dr\u0117kinantis k\u016bdiki\u0173 losjonas, skirtas specialiai sausai ir jautriai odai, kuri reikalauja papildomos prie\u017ei\u016bros. \u0160is losjonas turi subalansuot\u0105 pH lyg\u012f, kuris atitinka k\u016bdikio odos nat\u016bral\u0173 r\u016bg\u0161tingum\u0105. Toks pH lygis padeda i\u0161saugoti sveik\u0105 odos mikroflor\u0105 ir nat\u016bral\u0173 apsaugin\u012f barjer\u0105.<\/p>\n<p><strong>Skirta k\u016bdikiams nuo gimimo<\/strong> \u2013 saugi ir \u0161velni formul\u0117, pritaikyta jautriai k\u016bdiki\u0173 odai.<\/p>\n<h4>\u041e\u0441\u043d\u043e\u0432\u043d\u0456 \u0445\u0430\u0440\u0430\u043a\u0442\u0435\u0440\u0438\u0441\u0442\u0438\u043a\u0438:<\/h4>\n<ul>\n<li><strong>\u0417\u0431\u0430\u043b\u0430\u043d\u0441\u043e\u0432\u0430\u043d\u0438\u0439 pH<\/strong>: Losjonas turi \u0161velniai r\u016bg\u0161tin\u012f pH, kuris padeda palaikyti odos nat\u016bral\u0173 barjer\u0105, u\u017ekerta keli\u0105 sausumui ir dirginimui.<\/li>\n<li><strong>\u041d\u0430\u0442\u0443\u0440\u0430\u043b\u044c\u043d\u0456 \u0456\u043d\u0433\u0440\u0435\u0434\u0456\u0454\u043d\u0442\u0438<\/strong>:\n<ul>\n<li><strong>Taukmed\u017eio sviestas<\/strong>: Dr\u0117kina ir maitina od\u0105, padeda atkurti ir palaikyti jos elastingum\u0105.<\/li>\n<li><strong>Avi\u017e\u0173 ekstraktas<\/strong>: Ramina ir dr\u0117kina, suteikia apsaug\u0105 jautriai ir sausai odai.<\/li>\n<li><strong>Kokos\u0173 aliejus<\/strong>: Praturtintas riebi\u0173j\u0173 r\u016bg\u0161\u010di\u0173 ir vitamin\u0173, padeda apsaugoti ir maitinti od\u0105.<\/li>\n<li><strong>Hialurono r\u016bg\u0161tis<\/strong>: Efektyviai pritraukia ir sulaiko dr\u0117gm\u0119 odoje, pad\u0117damas i\u0161laikyti j\u0105 hidratuot\u0105 ir elasting\u0105.<\/li>\n<\/ul>\n<\/li>\n<\/ul>\n<h4>\u0406\u043d\u0441\u0442\u0440\u0443\u043a\u0446\u0456\u044f \u043f\u043e \u0437\u0430\u0441\u0442\u043e\u0441\u0443\u0432\u0430\u043d\u043d\u044e:<\/h4>\n<ol>\n<li>I\u0161spauskite norim\u0105 kiek\u012f losjono ant delno.<\/li>\n<li>\u0160velniai \u012fmasa\u017euokite \u012f \u0161vari\u0105, saus\u0105 k\u016bdikio od\u0105. Sutelkite d\u0117mes\u012f \u012f sausas ar \u0161iurk\u0161\u010dias odos vietas.<\/li>\n<li>Naudokite kasdien arba kai reikia intensyvesnio dr\u0117kinimo, ypa\u010d \u0161altuoju met\u0173 laiku ar sausame klimate.<\/li>\n<\/ol>\n<h4>Faktai:<\/h4>\n<ul>\n<li><strong>pH subalansuotas<\/strong>: Atitinka k\u016bdikio odos nat\u016bral\u0173 pH, u\u017etikrinant optimal\u0173 dr\u0117kinim\u0105 ir apsaug\u0105 nuo i\u0161orini\u0173 veiksni\u0173.<\/li>\n<li><strong>Gilus dr\u0117kinimas<\/strong>: D\u0117l subalansuoto pH ir turting\u0173 ingredient\u0173 losjonas padeda i\u0161laikyti odos dr\u0117gm\u0119 ir apsaugoti j\u0105 nuo i\u0161saus\u0117jimo.<\/li>\n<\/ul>","protected":false},"excerpt":{"rendered":"<div class=\"flex-shrink-0 flex flex-col relative items-end\">\n<div>\n<div class=\"pt-0\">\n<div class=\"gizmo-bot-avatar flex h-8 w-8 items-center justify-center overflow-hidden rounded-full\">\n<div class=\"relative p-1 rounded-sm flex items-center justify-center bg-token-main-surface-primary text-token-text-primary h-8 w-8\"><\/div>\n<\/div>\n<\/div>\n<\/div>\n<\/div>\n<div class=\"group\/conversation-turn relative flex w-full min-w-0 flex-col agent-turn\">\n<div class=\"flex-col gap-1 md:gap-3\">\n<div class=\"flex max-w-full flex-col flex-grow\">\n<div class=\"min-h-[20px] text-message flex w-full flex-col items-end gap-2 whitespace-normal break-words [.text-message+&amp;]:mt-5\" dir=\"auto\" data-message-author-role=\"assistant\" data-message-id=\"94694c53-5d25-499f-b3c0-47dfa78d97b4\">\n<div class=\"flex w-full flex-col gap-1 empty:hidden first:pt-[3px]\">\n<div class=\"markdown prose w-full break-words dark:prose-invert dark\">\n<ul>\n<li><strong>Intensyvus dr\u0117kinimas sausai odai.<\/strong><\/li>\n<li><strong>Gilus dr\u0117kinimas<\/strong>: Taukmed\u017eio sviestas, kokos\u0173 aliejus.<\/li>\n<li><strong>Subalansuotas pH<\/strong>: Atkuria ir saugo odos dr\u0117gm\u0119.<\/li>\n<li><strong>Hialurono r\u016bg\u0161tis<\/strong>: U\u017etikrina ilgalaik\u012f dr\u0117kinim\u0105.<\/li>\n<li><strong>Ramina od\u0105<\/strong>: Avi\u017e\u0173 ekstraktas, tinka sausai ir \u0161iurk\u0161\u010diai odai.<\/li>\n<li><strong>Be da\u017eikli\u0173 ir kvapikli\u0173<\/strong>: Saugus jautriai odai.<\/li>\n<li><strong>Apsauginis barjeras<\/strong>: Stiprina odos nat\u016bral\u0173 barjer\u0105, apsaugodamas nuo i\u0161orini\u0173 veiksni\u0173.<\/li>\n<\/ul>\n<\/div>\n<\/div>\n<\/div>\n<\/div>\n<\/div>\n<\/div>\n","protected":false},"featured_media":14096,"comment_status":"open","ping_status":"closed","template":"","meta":[],"product_brand":[],"product_cat":[170],"product_tag":[],"class_list":{"0":"post-13944","1":"product","2":"type-product","3":"status-publish","4":"has-post-thumbnail","6":"product_cat-kremai_ir_losjonai_vaikams","8":"first","9":"instock","10":"sale","11":"taxable","12":"shipping-taxable","13":"purchasable","14":"product-type-simple"},"tiered_pricing_type":"fixed","tiered_pricing_fixed_rules":[],"tiered_pricing_percentage_rules":[],"tiered_pricing_minimum":1,"tiered_pricing_roles_data":[],"_links":{"self":[{"href":"https:\/\/tanuko.lt\/ukr\/wp-json\/wp\/v2\/product\/13944","targetHints":{"allow":["GET"]}}],"collection":[{"href":"https:\/\/tanuko.lt\/ukr\/wp-json\/wp\/v2\/product"}],"about":[{"href":"https:\/\/tanuko.lt\/ukr\/wp-json\/wp\/v2\/types\/product"}],"replies":[{"embeddable":true,"href":"https:\/\/tanuko.lt\/ukr\/wp-json\/wp\/v2\/comments?post=13944"}],"version-history":[{"count":8,"href":"https:\/\/tanuko.lt\/ukr\/wp-json\/wp\/v2\/product\/13944\/revisions"}],"predecessor-version":[{"id":14108,"href":"https:\/\/tanuko.lt\/ukr\/wp-json\/wp\/v2\/product\/13944\/revisions\/14108"}],"wp:featuredmedia":[{"embeddable":true,"href":"https:\/\/tanuko.lt\/ukr\/wp-json\/wp\/v2\/media\/14096"}],"wp:attachment":[{"href":"https:\/\/tanuko.lt\/ukr\/wp-json\/wp\/v2\/media?parent=13944"}],"wp:term":[{"taxonomy":"product_brand","embeddable":true,"href":"https:\/\/tanuko.lt\/ukr\/wp-json\/wp\/v2\/product_brand?post=13944"},{"taxonomy":"product_cat","embeddable":true,"href":"https:\/\/tanuko.lt\/ukr\/wp-json\/wp\/v2\/product_cat?post=13944"},{"taxonomy":"product_tag","embeddable":true,"href":"https:\/\/tanuko.lt\/ukr\/wp-json\/wp\/v2\/product_tag?post=13944"}],"curies":[{"name":"wp","href":"https:\/\/api.w.org\/{rel}","templated":true}]}}